?
True
Is 158884 a multiple of 157?
True
Does 10 divide 4086244?
False
Is 66640 a multiple of 112?
True
Is 199963 a multiple of 13?
False
Does 3 divide 294042?
True
Does 54 divide 36644?
False
Is 195396 a multiple of 38?
True
Is 521067 a multiple of 51?
True
Is 593461 a multiple of 93?
False
Is 248138 a multiple of 11?
True
Is 16 a factor of 8109170?
False
Is 7 a factor of 149898?
True
Is 1320649 a multiple of 211?
True
Is 171714 a multiple of 10?
False
Does 65 divide 1249105?
True
Does 7 divide 650525?
False
Is 154 a factor of 79156?
True
Is 4 a factor of 19804?
True
Is 12 a factor of 2550537?
False
Is 138 a factor of 236256?
True
Does 5 divide 23736?
False
Is 8402260 a multiple of 24?
False
Is 3 a factor of 63097?
False
Does 30 divide 484830?
True
Is 932173 a multiple of 11?
True
Is 173 a factor of 2303476?
False
Does 23 divide 1549361?
False
Is 76504 a multiple of 305?
False
Is 100306 a multiple of 24?
False
Is 2636388 a multiple of 158?
True
Does 69 divide 2485896?
False
Is 614253 a multiple of 22?
False
Does 69 divide 6253608?
True
Is 94204 a multiple of 44?
True
Is 151 a factor of 305926?
True
Does 59 divide 309566?
False
Is 50974 a multiple of 19?
False
Is 85 a factor of 57545?
True
Does 13 divide 2709611?
False
Does 124 divide 40052?
True
Does 11 divide 300793?
False
Does 466 divide 1101270?
False
Does 372 divide 808559?
False
Does 8 divide 77576?
True
Is 46 a factor of 4180852?
False
Is 1254644 a multiple of 10?
False
Does 9 divide 119061?
True
Is 55 a factor of 4334657?
False
Is 6 a factor of 87180?
True
Is 27 a factor of 310500?
True
Is 312591 a multiple of 3?
True
Is 26 a factor of 6573554?
True
Is 80778 a multiple of 20?
False
Does 338 divide 1298160?
False
Is 772538 a multiple of 26?
True
Is 326250 a multiple of 225?
True
Does 1167 divide 3370296?
True
Is 62 a factor of 3470140?
True
Is 181000 a multiple of 10?
True
Does 59 divide 429756?
True
Is 26912816 a multiple of 19?
True
Is 1233360 a multiple of 8?
True
Is 2465237 a multiple of 191?
True
Does 20 divide 1361420?
True
Is 9 a factor of 615887?
False
Is 493 a factor of 8634895?
True
Does 41 divide 66452?
False
Is 116214 a multiple of 7?
True
Is 84414 a multiple of 33?
True
Is 81 a factor of 7389850?
False
Does 45 divide 14265?
True
Is 138 a factor of 2582118?
True
Does 546 divide 852306?
True
Is 21 a factor of 813351?
True
Is 20787 a multiple of 4?
False
Does 278 divide 199604?
True
Does 13 divide 20683?
True
Does 402 divide 8609634?
True
Is 2912610 a multiple of 51?
True
Is 70 a factor of 24360?
True
Does 18 divide 130248?
True
Is 3 a factor of 57902?
False
Does 23 divide 669254?
True
Is 12798373 a multiple of 894?
False
Is 188 a factor of 1058252?
True
Does 62 divide 618326?
True
Does 10 divide 153235?
False
Is 551 a factor of 1139574?
False
Is 152985 a multiple of 141?
True
Does 16 divide 552800?
True
Does 301 divide 1579347?
True
Is 135 a factor of 27278?
False
Does 11 divide 166947?
True
Is 190 a factor of 1201364?
False
Does 635 divide 3350492?
False
Is 23 a factor of 2132215?
True
Is 181 a factor of 893960?
False
Is 84205 a multiple of 32?
False
Is 8 a factor of 3560?
True
Is 533904 a multiple of 8?
True
Is 70 a factor of 1881243?
False
Is 58 a factor of 134404?
False
Is 34 a factor of 866354?
True
Is 1102575 a multiple of 241?
True
Is 204595 a multiple of 415?
True
Does 17 divide 534140?
True
Is 61 a factor of 576938?
True
Is 1321 a factor of 13763499?
True
Does 8 divide 1927438?
False
Is 12 a factor of 154693?
False
Is 161634 a multiple of 37?
False
Does 495 divide 461835?
True
Is 23 a factor of 813625?
True
Does 106 divide 8965480?
True
Is 6192159 a multiple of 1035?
False
Does 125 divide 36375?
True
Is 95 a factor of 1828750?
True
Is 26 a factor of 412975?
False
Is 3 a factor of 2331642?
True
Is 136 a factor of 212568?
True
Is 293468 a multiple of 7?
True
Is 82 a factor of 48786?
False
Is 30 a factor of 6712890?
True
Does 63 divide 179368?
False
Does 13 divide 22536?
False
Does 51 divide 1979565?
True
Does 136 divide 417520?
True
Does 306 divide 1091808?
True
Is 25 a factor of 141384?
False
Is 2794578 a multiple of 113?
False
Is 40 a factor of 761800?
True
Does 124 divide 2177229?
False
Is 2756088 a multiple of 12?
True
Does 10 divide 6400?
True
Does 19 divide 252985?
True
Is 229789 a multiple of 7?
True
Does 167 divide 32732?
True
Is 155037 a multiple of 91?
False
Is 1420158 a multiple of 46?
True
Is 13 a factor of 343668?
True
Does 46 divide 193798?
True
Is 394877 a multiple of 9?
False
Is 326 a factor of 420323?
False
Does 4 divide 16888?
True
Is 2452878 a multiple of 37?
True
Is 12 a factor of 167833?
False
Is 26 a factor of 5471128?
True
Is 16 a factor of 23773968?
True
Is 2438 a factor of 15511657?
False
Is 287 a factor of 94296?
False
Is 201 a factor of 21300701?
False
Is 183150 a multiple of 18?
True
Does 115 divide 30015?
True
Does 17 divide 109548?
True
Is 390786 a multiple of 186?
True
Is 5 a factor of 8330?
True
Is 23712482 a multiple of 79?
True
Is 6935830 a multiple of 22?
True
Does 108 divide 76911?
False
Is 136 a factor of 4982088?
True
Is 4 a factor of 9152?
True
Does 1473 divide 12728665?
False
Is 6006738 a multiple of 7?
False
Is 4325916 a multiple of 38?
False
Is 28 a factor of 2355376?
False
Does 19 divide 22610?
True
Does 51 divide 351770?
False
Does 22 divide 3746270?
True
Does 1266 divide 410921?
False
Is 52 a multiple of 7?
False
Is 3347491 a multiple of 392?
False
Is 531556 a multiple of 17?
True
Does 200 divide 76328?
False
Is 246 a factor of 8447394?
True
Does 35 divide 29995?
True
Is 111 a factor of 26172468?
True
Is 10 a factor of 1278337?
False
Is 165250 a multiple of 16?
False
Is 59 a factor of 668599?
False
Does 81 divide 849204?
True
Is 2507153 a multiple of 100?
False
Is 52 a factor of 66144?
True
Does 104 divide 55432?
True
Does 8 divide 60327?
False
Is 217 a factor of 8372?
False
Is 547433 a multiple of 29?
True
Is 268 a factor of 1660674?
False
Is 11 a factor of 5357110?
True
Is 912 a factor of 5228496?
True
Is 16 a factor of 74144?
True
Is 28 a factor of 3675196?
True
Is 12731628 a multiple of 39?
True
Is 601956 a multiple of 26?
False
Does 23 divide 22402?
True
Is 534741 a multiple of 5?
False
Is 64 a factor of 4936646?
False
Does 19 divide 475?
True
Does 205 divide 2790979?
False
Is 296289 a multiple of 7?
True
Does 187 divide 69938?
True
Is 35 a factor of 105665?
True
Does 9 divide 72513?
True
Is 39 a factor of 5750160?
True
Is 66605 a multiple of 11?
True
Does 70 divide 381220?
True
Is 47 a factor of 183315?
False
Is 15 a factor of 18017250?
True
Does 100 divide 146000?
True
Is 13671 a multiple of 8?
False
Is 87200 a multiple of 32?
True
Does 25 divide 112783?
False
Is 4850358 a multiple of 114?
True
Does 663 divide 1393626?
True
Is 2636640 a multiple of 48?
True
Does 31 divide 1002571?
True
Does 306 divide 871794?
True
Does 481 divide 4994704?
True
Is 7 a factor of 13981?
False
Is 536136 a multiple of 502?
True
Is 4 a factor of 14880?
True
Does 137 divide 675?
False
Is 25 a factor of 58547?
False
Is 505 a factor of 490694?
False
Does 19 divide 927506?
False
Does 702 divide 8565?
False
Is 341776 a multiple of 419?
False
Is 27640 a multiple of 115?
False
Is 206 a factor of 2802022?
False
Does 6 divide 17665?
False
Is 5 a factor of 1629330?
True
Does 12 divide 136002?
False
Is 2418585 a multiple of 1004?
False
Is 4864 a multiple of 16?
True
Does 38 divide 265331?
False
Does 26 divide 129621?
False
Does 438 divide 417316?
False
Is 829 a factor of 9430704?
True
Is 89 a multiple of 2?
False
Is 4 a factor of 1102968?
True
Does 112 divide 2438008?
False
Does 10 divide 677218?
False
Is 13 a factor of 781716?
True
Is 1283048 a multiple of 293?
False
Does 17 divide 1998179?
False
Is 33596 even?
True
Is 1984739 a multiple of 719?
False
Is 97 a factor of 1523056?
False
Is 265 a factor of 21612858?
False
Is 1332567 a multiple of 91?
False
Does 5 divide 24714?
False
Is 1663904 a multiple of 32?
True
Does 12 divide 871536?
True
Is 14 a factor of 9992821?
False
Is 7 a factor of 2092629?
True
Is 26 a factor of 20982?
True
Is 75884 a multiple of 15?
False
Is 124995 a multiple of 195?
True
Is 176880 a multiple of 80?
True
Does 510 divide 722670?
True
Is 10898349 a multiple of 70?
False
Is 6716250 a multiple of 125?
True
Is 9 a factor of 